{"id":859,"date":"2020-11-21T16:32:53","date_gmt":"2020-11-21T15:32:53","guid":{"rendered":"http:\/\/johnallemann.ch\/?page_id=859"},"modified":"2025-05-30T10:34:42","modified_gmt":"2025-05-30T09:34:42","slug":"reflets-humains-libertes","status":"publish","type":"page","link":"https:\/\/johnallemann.ch\/wordpress\/reflets-humains-libertes\/","title":{"rendered":"Reflets humains, Libert\u00e9s"},"content":{"rendered":"\n<p>Apr\u00e8s ses \u00ab Reflets urbains \u00bb, John Allemann se consacre aux \u00ab Reflets humains \u00bb. La d\u00e9marche est issue des difficult\u00e9s \u00e0 trouver un chemin vers une ouverture digne de l\u2019\u00e2me humaine. Cette derni\u00e8re est au centre de sa pr\u00e9occupation avec ses doutes et sa recherche de transcendance. Dans ses \u0153uvres, le plus souvent abstraites, l\u2019artiste tend \u00e0 une certaine verticalit\u00e9 en se posant entr\u2019autres des questions sur la destin\u00e9e humaine. John Allemann nous entra\u00eene dans un monde plus int\u00e9rioris\u00e9, avec des collages sur papier peint \u00e0 l\u2019acrylique, l\u2019encre de Chine, le pastel ou encore le fusain. A l\u2019heure actuelle plus de 530 collages de formats 24&#215;18 \u00e0 70x100cm, ont vu le jour.<\/p>\n\n\n\n<p>Une partie de la s\u00e9rie \u00ab Reflets humains \u00bb a \u00e9t\u00e9 accroch\u00e9e en 2014 aux cimaises de la Galerie de Grancy \u00e0 Lausanne.&nbsp;2 ans apr\u00e8s, la Galerie de Grancy de Lausanne expose \u00e0 nouveau une trentaine de \u00abReflets humains\u00bb, cr\u00e9\u00e9s sur papier et sur sur toile. En 2017 c\u2019est la Galerie ArteSol de Soleure qui expose les \u00abReflets humains\u00bb de John Allemann.&nbsp;En juin de la m\u00eame ann\u00e9e, Allemann participe \u00e0 l\u2019exposition \u00abMout\u2019Art au Mus\u00e9e Jurassien des Arts, \u00e0 Moutier. En 2019 nouvelle exposition \u00abMout\u2019Art au Mus\u00e9e Jurassien des Arts, \u00e0 Moutier et pour les 10 ans de la galerie des 3 Soleils \u00e0 Epesse, une trentaine d\u2019artistes dont Allemann exposent des petits formats.<\/p>\n\n\n\n<p>En 2020 Allemann fait don de 6 oeuvres, dont 2 sur toile, au Mus\u00e9e Jurassien des Beaux-Arts de Moutier.<\/p>\n\n\n\n<p>La Fondation\/galerie Visinand de Montreux a invit\u00e9 Allemann \u00e0 exposer ses oeuvres en duo avec le sculpteur Andr\u00e9 RABOUD. Vernissage: mercredi 13 septembre 2023. L\u2019exposition est ouverte du mercredi au dimanche de 15 \u00e0 18h et se termine le 15 octobre 2023. <\/p>\n","protected":false},"excerpt":{"rendered":"<p>Apr\u00e8s ses \u00ab Reflets urbains \u00bb, John Allemann se consacre aux \u00ab Reflets humains \u00bb. La d\u00e9marche est issue des difficult\u00e9s \u00e0 trouver un chemin vers une ouverture digne de l\u2019\u00e2me humaine. Cette derni\u00e8re est au centre de sa pr\u00e9occupation avec ses doutes et sa recherche de transcendance. Dans ses \u0153uvres, le plus souvent abstraites, l\u2019artiste tend \u00e0 une certaine verticalit\u00e9 en se posant entr\u2019autres des questions sur la destin\u00e9e humaine. John Allemann nous entra\u00eene dans un monde plus int\u00e9rioris\u00e9, avec des collages sur papier peint \u00e0 l\u2019acrylique, l\u2019encre de Chine, le pastel ou encore le fusain. A l\u2019heure actuelle&#8230; <\/p>\n","protected":false},"author":1,"featured_media":0,"parent":0,"menu_order":0,"comment_status":"closed","ping_status":"closed","template":"","meta":{"footnotes":""},"class_list":["post-859","page","type-page","status-publish","hentry"],"_links":{"self":[{"href":"https:\/\/johnallemann.ch\/wordpress\/wp-json\/wp\/v2\/pages\/859","targetHints":{"allow":["GET"]}}],"collection":[{"href":"https:\/\/johnallemann.ch\/wordpress\/wp-json\/wp\/v2\/pages"}],"about":[{"href":"https:\/\/johnallemann.ch\/wordpress\/wp-json\/wp\/v2\/types\/page"}],"author":[{"embeddable":true,"href":"https:\/\/johnallemann.ch\/wordpress\/wp-json\/wp\/v2\/users\/1"}],"replies":[{"embeddable":true,"href":"https:\/\/johnallemann.ch\/wordpress\/wp-json\/wp\/v2\/comments?post=859"}],"version-history":[{"count":7,"href":"https:\/\/johnallemann.ch\/wordpress\/wp-json\/wp\/v2\/pages\/859\/revisions"}],"predecessor-version":[{"id":892,"href":"https:\/\/johnallemann.ch\/wordpress\/wp-json\/wp\/v2\/pages\/859\/revisions\/892"}],"wp:attachment":[{"href":"https:\/\/johnallemann.ch\/wordpress\/wp-json\/wp\/v2\/media?parent=859"}],"curies":[{"name":"wp","href":"https:\/\/api.w.org\/{rel}","templated":true}]}}

Reflets humains, Libertés

<p>Après ses « Reflets urbains », John Allemann se consacre aux « Reflets humains ». La démarche est issue des difficultés à trouver un chemin vers une ouverture digne de l’âme humaine. Cette dernière est au centre de sa préoccupation avec ses doutes et sa recherche de transcendance. Dans ses œuvres, le plus souvent abstraites, l’artiste tend à une certaine verticalité en se posant entr’autres des questions sur la destinée humaine. John Allemann nous entraîne dans un monde plus intériorisé, avec des collages sur papier peint à l’acrylique, l’encre de Chine, le pastel ou encore le fusain. A l’heure actuelle plus de 530 collages de formats 24&#215;18 à 70x100cm, ont vu le jour.</p>



<p>Une partie de la série « Reflets humains » a été accrochée en 2014 aux cimaises de la Galerie de Grancy à Lausanne.&nbsp;2 ans après, la Galerie de Grancy de Lausanne expose à nouveau une trentaine de «Reflets humains», créés sur papier et sur sur toile. En 2017 c’est la Galerie ArteSol de Soleure qui expose les «Reflets humains» de John Allemann.&nbsp;En juin de la même année, Allemann participe à l’exposition «Mout’Art au Musée Jurassien des Arts, à Moutier. En 2019 nouvelle exposition «Mout’Art au Musée Jurassien des Arts, à Moutier et pour les 10 ans de la galerie des 3 Soleils à Epesse, une trentaine d’artistes dont Allemann exposent des petits formats.</p>



<p>En 2020 Allemann fait don de 6 oeuvres, dont 2 sur toile, au Musée Jurassien des Beaux-Arts de Moutier.</p>



<p>La Fondation/galerie Visinand de Montreux a invité Allemann à exposer ses oeuvres en duo avec le sculpteur André RABOUD. Vernissage: mercredi 13 septembre 2023. L’exposition est ouverte du mercredi au dimanche de 15 à 18h et se termine le 15 octobre 2023. </p>

<p>Après ses « Reflets urbains », John Allemann se consacre aux « Reflets humains ». La démarche est issue des difficultés à trouver un chemin vers une ouverture digne de l’âme humaine. Cette dernière est au centre de sa préoccupation avec ses doutes et sa recherche de transcendance. Dans ses œuvres, le plus souvent abstraites, l’artiste tend à une certaine verticalité en se posant entr’autres des questions sur la destinée humaine. John Allemann nous entraîne dans un monde plus intériorisé, avec des collages sur papier peint à l’acrylique, l’encre de Chine, le pastel ou encore le fusain. A l’heure actuelle&#8230; </p>
