{"id":21,"date":"2013-11-16T19:53:05","date_gmt":"2013-11-16T18:53:05","guid":{"rendered":"http:\/\/johnallemann.ch\/?page_id=21"},"modified":"2025-04-20T12:02:26","modified_gmt":"2025-04-20T11:02:26","slug":"collectives","status":"publish","type":"page","link":"https:\/\/johnallemann.ch\/wordpress\/expositions\/collectives\/","title":{"rendered":"Expositions collectives"},"content":{"rendered":"<div>\n<ul>\n<li>2025 Galerie de la Fondation FARB, Del\u00e9mont<\/li>\n<li>2024 Gallerie Image-In, Ch\u00e2tel-St-Denis<\/li>\n<li>2019 Mout&rsquo;ART, Moutier. 3\u00e8me march\u00e9 de l&rsquo;art au mus\u00e9e Jurassien des Arts.<\/li>\n<li>2018 Eglise St-Vincent Montreux, exposition durant le festival \u00ab\u00a0L\u2019\u00e9t\u00e9 c\u2019est l\u2019orgue\u00a0\u00bb<\/li>\n<li>2018 MAG (Montreux Art Gallery), Montreux, invit\u00e9 de la galerie Patucca<\/li>\n<li>2017 Mout&rsquo;ART, Moutier<\/li>\n<li>2013 Fondation FARB, Del\u00e9mont, 10 ans d&rsquo;expositions<\/li>\n<li>2012 Rassegna internazionale di pittura, Varese San Fermo, Italie<\/li>\n<li>2011 MAG (Montreux Art Gallery), Montreux<\/li>\n<li>2009 MAG (Montreux Art Gallery), Montreux<\/li>\n<li>2008 Galerie En Beauregard, Blonay<\/li>\n<li>2007 Salon International d&rsquo;Art Contemporain, Gen\u00e8ve<\/li>\n<li>2007 Art Forum, Montreux, a re\u00e7u le prix HOTELA<\/li>\n<li>1997 Centre scolaire, Vallorbe<\/li>\n<li>1993 Centre de Recherche Nestl\u00e9, Lausanne<\/li>\n<li>1992 Nestl\u00e9, itin\u00e9rante en Suisse<\/li>\n<li>1987 Rassegna di pittura, Varese, Italie<\/li>\n<li>1986 Nestl\u00e9 Suisse, Vevey<\/li>\n<li>1986 Centre des Jordils, Corseaux<\/li>\n<li>1983 Nestl\u00e9 International, Vevey<\/li>\n<li>1977 Nestl\u00e9 Suisse, Vevey<\/li>\n<\/ul>\n<\/div>\n","protected":false},"excerpt":{"rendered":"<p>2025 Galerie de la Fondation FARB, Del\u00e9mont 2024 Gallerie Image-In, Ch\u00e2tel-St-Denis 2019 Mout&rsquo;ART, Moutier. 3\u00e8me march\u00e9 de l&rsquo;art au mus\u00e9e Jurassien des Arts. 2018 Eglise St-Vincent Montreux, exposition durant le festival \u00ab\u00a0L\u2019\u00e9t\u00e9 c\u2019est l\u2019orgue\u00a0\u00bb 2018 MAG (Montreux Art Gallery), Montreux, invit\u00e9 de la galerie Patucca 2017 Mout&rsquo;ART, Moutier 2013 Fondation FARB, Del\u00e9mont, 10 ans d&rsquo;expositions 2012 Rassegna internazionale di pittura, Varese San Fermo, Italie 2011 MAG (Montreux Art Gallery), Montreux 2009 MAG (Montreux Art Gallery), Montreux 2008 Galerie En Beauregard, Blonay 2007 Salon International d&rsquo;Art Contemporain, Gen\u00e8ve 2007 Art Forum, Montreux, a re\u00e7u le prix HOTELA 1997 Centre scolaire, Vallorbe&#8230; <\/p>\n","protected":false},"author":1,"featured_media":0,"parent":16,"menu_order":1,"comment_status":"closed","ping_status":"closed","template":"no-sidebar.php","meta":{"footnotes":""},"class_list":["post-21","page","type-page","status-publish","hentry"],"_links":{"self":[{"href":"https:\/\/johnallemann.ch\/wordpress\/wp-json\/wp\/v2\/pages\/21","targetHints":{"allow":["GET"]}}],"collection":[{"href":"https:\/\/johnallemann.ch\/wordpress\/wp-json\/wp\/v2\/pages"}],"about":[{"href":"https:\/\/johnallemann.ch\/wordpress\/wp-json\/wp\/v2\/types\/page"}],"author":[{"embeddable":true,"href":"https:\/\/johnallemann.ch\/wordpress\/wp-json\/wp\/v2\/users\/1"}],"replies":[{"embeddable":true,"href":"https:\/\/johnallemann.ch\/wordpress\/wp-json\/wp\/v2\/comments?post=21"}],"version-history":[{"count":29,"href":"https:\/\/johnallemann.ch\/wordpress\/wp-json\/wp\/v2\/pages\/21\/revisions"}],"predecessor-version":[{"id":888,"href":"https:\/\/johnallemann.ch\/wordpress\/wp-json\/wp\/v2\/pages\/21\/revisions\/888"}],"up":[{"embeddable":true,"href":"https:\/\/johnallemann.ch\/wordpress\/wp-json\/wp\/v2\/pages\/16"}],"wp:attachment":[{"href":"https:\/\/johnallemann.ch\/wordpress\/wp-json\/wp\/v2\/media?parent=21"}],"curies":[{"name":"wp","href":"https:\/\/api.w.org\/{rel}","templated":true}]}}

<div>
<ul>
<li>2025 Galerie de la Fondation FARB, Delémont</li>
<li>2024 Gallerie Image-In, Châtel-St-Denis</li>
<li>2019 Mout&rsquo;ART, Moutier. 3ème marché de l&rsquo;art au musée Jurassien des Arts.</li>
<li>2018 Eglise St-Vincent Montreux, exposition durant le festival « L’été c’est l’orgue »</li>
<li>2018 MAG (Montreux Art Gallery), Montreux, invité de la galerie Patucca</li>
<li>2017 Mout&rsquo;ART, Moutier</li>
<li>2013 Fondation FARB, Delémont, 10 ans d&rsquo;expositions</li>
<li>2012 Rassegna internazionale di pittura, Varese San Fermo, Italie</li>
<li>2011 MAG (Montreux Art Gallery), Montreux</li>
<li>2009 MAG (Montreux Art Gallery), Montreux</li>
<li>2008 Galerie En Beauregard, Blonay</li>
<li>2007 Salon International d&rsquo;Art Contemporain, Genève</li>
<li>2007 Art Forum, Montreux, a reçu le prix HOTELA</li>
<li>1997 Centre scolaire, Vallorbe</li>
<li>1993 Centre de Recherche Nestlé, Lausanne</li>
<li>1992 Nestlé, itinérante en Suisse</li>
<li>1987 Rassegna di pittura, Varese, Italie</li>
<li>1986 Nestlé Suisse, Vevey</li>
<li>1986 Centre des Jordils, Corseaux</li>
<li>1983 Nestlé International, Vevey</li>
<li>1977 Nestlé Suisse, Vevey</li>
</ul>
</div>

<p>2025 Galerie de la Fondation FARB, Delémont 2024 Gallerie Image-In, Châtel-St-Denis 2019 Mout&rsquo;ART, Moutier. 3ème marché de l&rsquo;art au musée Jurassien des Arts. 2018 Eglise St-Vincent Montreux, exposition durant le festival « L’été c’est l’orgue » 2018 MAG (Montreux Art Gallery), Montreux, invité de la galerie Patucca 2017 Mout&rsquo;ART, Moutier 2013 Fondation FARB, Delémont, 10 ans d&rsquo;expositions 2012 Rassegna internazionale di pittura, Varese San Fermo, Italie 2011 MAG (Montreux Art Gallery), Montreux 2009 MAG (Montreux Art Gallery), Montreux 2008 Galerie En Beauregard, Blonay 2007 Salon International d&rsquo;Art Contemporain, Genève 2007 Art Forum, Montreux, a reçu le prix HOTELA 1997 Centre scolaire, Vallorbe&#8230; </p>
