{"id":12,"date":"2013-11-16T19:45:59","date_gmt":"2013-11-16T18:45:59","guid":{"rendered":"http:\/\/johnallemann.ch\/?page_id=12"},"modified":"2020-09-15T20:40:57","modified_gmt":"2020-09-15T19:40:57","slug":"reflets-urbains","status":"publish","type":"page","link":"https:\/\/johnallemann.ch\/wordpress\/galleries\/reflets-urbains\/","title":{"rendered":"Reflets urbains"},"content":{"rendered":"<p><span style=\"font-size: inherit;\">Mon travail sur les reflets urbains est n\u00e9 en 2005 d\u2019une histoire d\u2019amour entre Berlin et moi. L\u2019architecture de cette ville \u00e0 l\u2019avant garde, contrastant avec les restes du pass\u00e9, ainsi que son fourmillement culturel, ont forg\u00e9 mon regard. Je percevais cette ville comme le phoenix renaissant de ses cendres. L\u2019id\u00e9e du reflet me semblait importante, celui-ci d\u00e9formait une r\u00e9alit\u00e9 quotidienne en la nimbant d\u2019un flou po\u00e9tique. Je d\u00e9couvrais dans ces reflets urbains, des images, des d\u00e9tails, qui \u00e9chappent souvent au regard du citadin lui-m\u00eame et qui, par le jeu de la lumi\u00e8re deviennent po\u00e8mes et montent comme une ode vers le ciel. Ensuite, m\u00eame coup de c\u0153ur pour Barcelone qui a suivi Berlin. On remarque le changement de lumi\u00e8re, nord \u2013 sud, quand on contemple les toiles issues des 2 villes. La vie tr\u00e9pidante et chaude d\u2019une ville m\u00e9diterran\u00e9enne avec l\u2019empreinte de Gaudi.<\/span><\/p>\n<div>\n<p>Paris suit Barcelone, avec des \u0153uvres-reflets de la ville lumi\u00e8re, la Villette d\u2019un c\u00f4t\u00e9 avec sa Cit\u00e9 des Sciences et sa G\u00e9ode et de l\u2019autre le quartier de la D\u00e9fense avec ses tours de verre. Mais ces 2 sites ne sont de loin pas exhaustifs et mon Paris est encore en devenir avec des toiles de commande.<\/p>\n<p>Parall\u00e8lement \u00e0 Paris un s\u00e9jour \u00e0 Venise a fait na\u00eetre 4 toiles, bien que les reflets soient plus difficiles \u00e0 cerner dans les palais v\u00e9nitiens. L\u00e0 encore la lumi\u00e8re du lieu donne cette aura incomparable \u00e0 l\u2019ambiance v\u00e9nitienne.<\/p>\n<p>Gen\u00e8ve, La cit\u00e9 de Calvin montre sa cath\u00e9drale St-Pierre, d\u00e9form\u00e9e dans une vitre d\u2019un caf\u00e9 voisin dont les montants forment une croix lourde de sens, ou encore la Tour du Molard se mirant dans la forme noire d\u2019un mannequin d\u2019une vitrine de mode proche. Les Forces Motrices, autre lieu mythique de Gen\u00e8ve, jouxtent des tags, symboles de notre temps, gr\u00e2ce aux reflets d\u2019une porte vitr\u00e9e.<\/p>\n<p>Montreux a \u00e9galement \u00e9tal\u00e9 la beaut\u00e9 de ses b\u00e2timents 1900 refl\u00e9t\u00e9s dans les verri\u00e8res \u00e9normes du Stravinsky Hall. Une de ces toiles fait d\u2019ailleurs partie des collections de la ville.<\/p>\n<\/div>\n\n\n<h2 class=\"wp-block-heading\"><a href=\"http:\/\/johnallemann.ch\/galleries\/reflets-urbains\/berlin\/\" data-type=\"page\" data-id=\"92\"><span class=\"has-inline-color has-vivid-cyan-blue-color\">Berlin<\/span><\/a><\/h2>\n\n\n\n<h2 class=\"wp-block-heading\"><a href=\"http:\/\/johnallemann.ch\/galleries\/reflets-urbains\/barcelona\/\" data-type=\"page\" data-id=\"86\"><span class=\"has-inline-color has-vivid-cyan-blue-color\">Barcelone<\/span><\/a><\/h2>\n\n\n\n<h2 class=\"wp-block-heading\"><a href=\"http:\/\/johnallemann.ch\/galleries\/reflets-urbains\/paris\/\" data-type=\"page\" data-id=\"89\"><span class=\"has-inline-color has-vivid-cyan-blue-color\">Paris<\/span><\/a><\/h2>\n\n\n\n<h2 class=\"wp-block-heading\"><a href=\"http:\/\/johnallemann.ch\/galleries\/reflets-urbains\/venise\/\" data-type=\"page\" data-id=\"117\"><span class=\"has-inline-color has-vivid-cyan-blue-color\">Venise<\/span><\/a><\/h2>\n\n\n\n<h2 class=\"wp-block-heading\"><a href=\"http:\/\/johnallemann.ch\/galleries\/reflets-urbains\/genveve\/\" data-type=\"page\" data-id=\"95\"><span class=\"has-inline-color has-vivid-cyan-blue-color\">Gen\u00e8ve<\/span><\/a><\/h2>\n\n\n\n<h2 class=\"wp-block-heading\"><a href=\"http:\/\/johnallemann.ch\/galleries\/reflets-urbains\/montreux\/\" data-type=\"page\" data-id=\"108\"><span class=\"has-inline-color has-vivid-cyan-blue-color\">Montreux<\/span><\/a><\/h2>\n\n\n\n<h2 class=\"wp-block-heading\"><a href=\"http:\/\/johnallemann.ch\/galleries\/reflets-urbains\/milan\/\" data-type=\"page\" data-id=\"105\"><span class=\"has-inline-color has-vivid-cyan-blue-color\">Milan<\/span><\/a><\/h2>\n\n\n\n<h2 class=\"wp-block-heading\"><a href=\"http:\/\/johnallemann.ch\/galleries\/reflets-urbains\/lucerne\/\" data-type=\"page\" data-id=\"102\"><span class=\"has-inline-color has-vivid-cyan-blue-color\">Lucerne<\/span><\/a><\/h2>\n\n\n\n<h2 class=\"wp-block-heading\"><a href=\"http:\/\/johnallemann.ch\/galleries\/reflets-urbains\/stuttgart\/\" data-type=\"page\" data-id=\"114\"><span class=\"has-inline-color has-vivid-cyan-blue-color\">Stuttgart<\/span><\/a><\/h2>\n\n\n\n<h2 class=\"wp-block-heading\"><a href=\"http:\/\/johnallemann.ch\/galleries\/reflets-urbains\/new-york\/\" data-type=\"page\" data-id=\"111\"><span class=\"has-inline-color has-vivid-cyan-blue-color\">New York<\/span><\/a><\/h2>\n\n\n\n<h2 class=\"wp-block-heading\"><a href=\"http:\/\/johnallemann.ch\/galleries\/reflets-urbains\/lausanne\/\" data-type=\"page\" data-id=\"98\"><span class=\"has-inline-color has-vivid-cyan-blue-color\">Lausanne<\/span><\/a><\/h2>\n\n\n\n<h2 class=\"wp-block-heading\"><a href=\"http:\/\/johnallemann.ch\/galleries\/reflets-urbains\/vevey\/\" data-type=\"page\" data-id=\"120\"><span class=\"has-inline-color has-vivid-cyan-blue-color\">Vevey<\/span><\/a><\/h2>\n","protected":false},"excerpt":{"rendered":"<p>Mon travail sur les reflets urbains est n\u00e9 en 2005 d\u2019une histoire d\u2019amour entre Berlin et moi. L\u2019architecture de cette ville \u00e0 l\u2019avant garde, contrastant avec les restes du pass\u00e9, ainsi que son fourmillement culturel, ont forg\u00e9 mon regard. Je percevais cette ville comme le phoenix renaissant de ses cendres. L\u2019id\u00e9e du reflet me semblait importante, celui-ci d\u00e9formait une r\u00e9alit\u00e9 quotidienne en la nimbant d\u2019un flou po\u00e9tique. Je d\u00e9couvrais dans ces reflets urbains, des images, des d\u00e9tails, qui \u00e9chappent souvent au regard du citadin lui-m\u00eame et qui, par le jeu de la lumi\u00e8re deviennent po\u00e8mes et montent comme une ode&#8230; <\/p>\n","protected":false},"author":1,"featured_media":0,"parent":8,"menu_order":0,"comment_status":"closed","ping_status":"closed","template":"no-sidebar.php","meta":{"footnotes":""},"class_list":["post-12","page","type-page","status-publish","hentry"],"_links":{"self":[{"href":"https:\/\/johnallemann.ch\/wordpress\/wp-json\/wp\/v2\/pages\/12","targetHints":{"allow":["GET"]}}],"collection":[{"href":"https:\/\/johnallemann.ch\/wordpress\/wp-json\/wp\/v2\/pages"}],"about":[{"href":"https:\/\/johnallemann.ch\/wordpress\/wp-json\/wp\/v2\/types\/page"}],"author":[{"embeddable":true,"href":"https:\/\/johnallemann.ch\/wordpress\/wp-json\/wp\/v2\/users\/1"}],"replies":[{"embeddable":true,"href":"https:\/\/johnallemann.ch\/wordpress\/wp-json\/wp\/v2\/comments?post=12"}],"version-history":[{"count":6,"href":"https:\/\/johnallemann.ch\/wordpress\/wp-json\/wp\/v2\/pages\/12\/revisions"}],"predecessor-version":[{"id":715,"href":"https:\/\/johnallemann.ch\/wordpress\/wp-json\/wp\/v2\/pages\/12\/revisions\/715"}],"up":[{"embeddable":true,"href":"https:\/\/johnallemann.ch\/wordpress\/wp-json\/wp\/v2\/pages\/8"}],"wp:attachment":[{"href":"https:\/\/johnallemann.ch\/wordpress\/wp-json\/wp\/v2\/media?parent=12"}],"curies":[{"name":"wp","href":"https:\/\/api.w.org\/{rel}","templated":true}]}}

<p><span style="font-size: inherit;">Mon travail sur les reflets urbains est né en 2005 d’une histoire d’amour entre Berlin et moi. L’architecture de cette ville à l’avant garde, contrastant avec les restes du passé, ainsi que son fourmillement culturel, ont forgé mon regard. Je percevais cette ville comme le phoenix renaissant de ses cendres. L’idée du reflet me semblait importante, celui-ci déformait une réalité quotidienne en la nimbant d’un flou poétique. Je découvrais dans ces reflets urbains, des images, des détails, qui échappent souvent au regard du citadin lui-même et qui, par le jeu de la lumière deviennent poèmes et montent comme une ode vers le ciel. Ensuite, même coup de cœur pour Barcelone qui a suivi Berlin. On remarque le changement de lumière, nord – sud, quand on contemple les toiles issues des 2 villes. La vie trépidante et chaude d’une ville méditerranéenne avec l’empreinte de Gaudi.</span></p>
<div>
<p>Paris suit Barcelone, avec des œuvres-reflets de la ville lumière, la Villette d’un côté avec sa Cité des Sciences et sa Géode et de l’autre le quartier de la Défense avec ses tours de verre. Mais ces 2 sites ne sont de loin pas exhaustifs et mon Paris est encore en devenir avec des toiles de commande.</p>
<p>Parallèlement à Paris un séjour à Venise a fait naître 4 toiles, bien que les reflets soient plus difficiles à cerner dans les palais vénitiens. Là encore la lumière du lieu donne cette aura incomparable à l’ambiance vénitienne.</p>
<p>Genève, La cité de Calvin montre sa cathédrale St-Pierre, déformée dans une vitre d’un café voisin dont les montants forment une croix lourde de sens, ou encore la Tour du Molard se mirant dans la forme noire d’un mannequin d’une vitrine de mode proche. Les Forces Motrices, autre lieu mythique de Genève, jouxtent des tags, symboles de notre temps, grâce aux reflets d’une porte vitrée.</p>
<p>Montreux a également étalé la beauté de ses bâtiments 1900 reflétés dans les verrières énormes du Stravinsky Hall. Une de ces toiles fait d’ailleurs partie des collections de la ville.</p>
</div>


<h2 class="wp-block-heading"><a href="http://johnallemann.ch/galleries/reflets-urbains/berlin/" data-type="page" data-id="92"><span class="has-inline-color has-vivid-cyan-blue-color">Berlin</span></a></h2>



<h2 class="wp-block-heading"><a href="http://johnallemann.ch/galleries/reflets-urbains/barcelona/" data-type="page" data-id="86"><span class="has-inline-color has-vivid-cyan-blue-color">Barcelone</span></a></h2>



<h2 class="wp-block-heading"><a href="http://johnallemann.ch/galleries/reflets-urbains/paris/" data-type="page" data-id="89"><span class="has-inline-color has-vivid-cyan-blue-color">Paris</span></a></h2>



<h2 class="wp-block-heading"><a href="http://johnallemann.ch/galleries/reflets-urbains/venise/" data-type="page" data-id="117"><span class="has-inline-color has-vivid-cyan-blue-color">Venise</span></a></h2>



<h2 class="wp-block-heading"><a href="http://johnallemann.ch/galleries/reflets-urbains/genveve/" data-type="page" data-id="95"><span class="has-inline-color has-vivid-cyan-blue-color">Genève</span></a></h2>



<h2 class="wp-block-heading"><a href="http://johnallemann.ch/galleries/reflets-urbains/montreux/" data-type="page" data-id="108"><span class="has-inline-color has-vivid-cyan-blue-color">Montreux</span></a></h2>



<h2 class="wp-block-heading"><a href="http://johnallemann.ch/galleries/reflets-urbains/milan/" data-type="page" data-id="105"><span class="has-inline-color has-vivid-cyan-blue-color">Milan</span></a></h2>



<h2 class="wp-block-heading"><a href="http://johnallemann.ch/galleries/reflets-urbains/lucerne/" data-type="page" data-id="102"><span class="has-inline-color has-vivid-cyan-blue-color">Lucerne</span></a></h2>



<h2 class="wp-block-heading"><a href="http://johnallemann.ch/galleries/reflets-urbains/stuttgart/" data-type="page" data-id="114"><span class="has-inline-color has-vivid-cyan-blue-color">Stuttgart</span></a></h2>



<h2 class="wp-block-heading"><a href="http://johnallemann.ch/galleries/reflets-urbains/new-york/" data-type="page" data-id="111"><span class="has-inline-color has-vivid-cyan-blue-color">New York</span></a></h2>



<h2 class="wp-block-heading"><a href="http://johnallemann.ch/galleries/reflets-urbains/lausanne/" data-type="page" data-id="98"><span class="has-inline-color has-vivid-cyan-blue-color">Lausanne</span></a></h2>



<h2 class="wp-block-heading"><a href="http://johnallemann.ch/galleries/reflets-urbains/vevey/" data-type="page" data-id="120"><span class="has-inline-color has-vivid-cyan-blue-color">Vevey</span></a></h2>

<p>Mon travail sur les reflets urbains est né en 2005 d’une histoire d’amour entre Berlin et moi. L’architecture de cette ville à l’avant garde, contrastant avec les restes du passé, ainsi que son fourmillement culturel, ont forgé mon regard. Je percevais cette ville comme le phoenix renaissant de ses cendres. L’idée du reflet me semblait importante, celui-ci déformait une réalité quotidienne en la nimbant d’un flou poétique. Je découvrais dans ces reflets urbains, des images, des détails, qui échappent souvent au regard du citadin lui-même et qui, par le jeu de la lumière deviennent poèmes et montent comme une ode&#8230; </p>
