{"id":117,"date":"2013-11-17T19:48:27","date_gmt":"2013-11-17T18:48:27","guid":{"rendered":"http:\/\/johnallemann.ch\/wordpress\/?page_id=117"},"modified":"2020-11-20T17:40:06","modified_gmt":"2020-11-20T16:40:06","slug":"venise","status":"publish","type":"page","link":"https:\/\/johnallemann.ch\/wordpress\/galleries\/reflets-urbains\/venise\/","title":{"rendered":"Venise"},"content":{"rendered":"<p>L&rsquo;\u00e9ternelle Venise livre ses reflets urbains parcimonieusement et se refl\u00e8te avec pudeur dans ses vitrages exigus mais si on sait la saisir, il en ressort une sereine beaut\u00e9. D&rsquo;o\u00f9 peut-\u00eatre son nom de \u00ab\u00a0S\u00e9r\u00e9nissime\u00a0\u00bb.<\/p>\n\n\n<figure class=\"wp-block-gallery columns-3 is-cropped wp-block-gallery-1 is-layout-flex wp-block-gallery-is-layout-flex\"><ul class=\"blocks-gallery-grid\"><li class=\"blocks-gallery-item\"><figure><a href=\"https:\/\/johnallemann.ch\/wordpress\/wp-content\/uploads\/2020\/09\/Venise03-scaled.jpg\"><img loading=\"lazy\" decoding=\"async\" width=\"877\" height=\"1024\" src=\"https:\/\/johnallemann.ch\/wordpress\/wp-content\/uploads\/2020\/09\/Venise03-877x1024.jpg\" alt=\"\" data-id=\"547\" data-full-url=\"https:\/\/johnallemann.ch\/wordpress\/wp-content\/uploads\/2020\/09\/Venise03-scaled.jpg\" data-link=\"http:\/\/johnallemann.ch\/venise03\/\" class=\"wp-image-547\" srcset=\"https:\/\/johnallemann.ch\/wordpress\/wp-content\/uploads\/2020\/09\/Venise03-877x1024.jpg 877w, https:\/\/johnallemann.ch\/wordpress\/wp-content\/uploads\/2020\/09\/Venise03-257x300.jpg 257w, https:\/\/johnallemann.ch\/wordpress\/wp-content\/uploads\/2020\/09\/Venise03-768x897.jpg 768w, https:\/\/johnallemann.ch\/wordpress\/wp-content\/uploads\/2020\/09\/Venise03-1315x1536.jpg 1315w, https:\/\/johnallemann.ch\/wordpress\/wp-content\/uploads\/2020\/09\/Venise03-1753x2048.jpg 1753w, https:\/\/johnallemann.ch\/wordpress\/wp-content\/uploads\/2020\/09\/Venise03-583x681.jpg 583w\" sizes=\"auto, (max-width: 877px) 100vw, 877px\" \/><\/a><figcaption class=\"blocks-gallery-item__caption\">Venise, Rio San Leonardo, huile sur toile, 70x50cm. Collection priv\u00e9e<\/figcaption><\/figure><\/li><li class=\"blocks-gallery-item\"><figure><a href=\"https:\/\/johnallemann.ch\/wordpress\/wp-content\/uploads\/2020\/09\/Venise-02-scaled.jpg\"><img loading=\"lazy\" decoding=\"async\" width=\"856\" height=\"1024\" src=\"https:\/\/johnallemann.ch\/wordpress\/wp-content\/uploads\/2020\/09\/Venise-02-856x1024.jpg\" alt=\"\" data-id=\"546\" data-full-url=\"https:\/\/johnallemann.ch\/wordpress\/wp-content\/uploads\/2020\/09\/Venise-02-scaled.jpg\" data-link=\"http:\/\/johnallemann.ch\/venise-02\/\" class=\"wp-image-546\" srcset=\"https:\/\/johnallemann.ch\/wordpress\/wp-content\/uploads\/2020\/09\/Venise-02-856x1024.jpg 856w, https:\/\/johnallemann.ch\/wordpress\/wp-content\/uploads\/2020\/09\/Venise-02-251x300.jpg 251w, https:\/\/johnallemann.ch\/wordpress\/wp-content\/uploads\/2020\/09\/Venise-02-768x919.jpg 768w, https:\/\/johnallemann.ch\/wordpress\/wp-content\/uploads\/2020\/09\/Venise-02-1284x1536.jpg 1284w, https:\/\/johnallemann.ch\/wordpress\/wp-content\/uploads\/2020\/09\/Venise-02-1711x2048.jpg 1711w, https:\/\/johnallemann.ch\/wordpress\/wp-content\/uploads\/2020\/09\/Venise-02-583x698.jpg 583w\" sizes=\"auto, (max-width: 856px) 100vw, 856px\" \/><\/a><figcaption class=\"blocks-gallery-item__caption\">Venise, palais sur le Canal Grande, huile sur toile, 46x38cm. Collection priv\u00e9e<\/figcaption><\/figure><\/li><li class=\"blocks-gallery-item\"><figure><a href=\"https:\/\/johnallemann.ch\/wordpress\/wp-content\/uploads\/2020\/09\/Venise-01.jpg\"><img loading=\"lazy\" decoding=\"async\" width=\"887\" height=\"1024\" src=\"https:\/\/johnallemann.ch\/wordpress\/wp-content\/uploads\/2020\/09\/Venise-01-887x1024.jpg\" alt=\"\" data-id=\"545\" data-full-url=\"https:\/\/johnallemann.ch\/wordpress\/wp-content\/uploads\/2020\/09\/Venise-01.jpg\" data-link=\"http:\/\/johnallemann.ch\/venise-01\/\" class=\"wp-image-545\" srcset=\"https:\/\/johnallemann.ch\/wordpress\/wp-content\/uploads\/2020\/09\/Venise-01-887x1024.jpg 887w, https:\/\/johnallemann.ch\/wordpress\/wp-content\/uploads\/2020\/09\/Venise-01-260x300.jpg 260w, https:\/\/johnallemann.ch\/wordpress\/wp-content\/uploads\/2020\/09\/Venise-01-768x887.jpg 768w, https:\/\/johnallemann.ch\/wordpress\/wp-content\/uploads\/2020\/09\/Venise-01-1331x1536.jpg 1331w, https:\/\/johnallemann.ch\/wordpress\/wp-content\/uploads\/2020\/09\/Venise-01-1774x2048.jpg 1774w, https:\/\/johnallemann.ch\/wordpress\/wp-content\/uploads\/2020\/09\/Venise-01-583x673.jpg 583w\" sizes=\"auto, (max-width: 887px) 100vw, 887px\" \/><\/a><figcaption class=\"blocks-gallery-item__caption\">Venise, fen\u00eatre fleurie, huile sur toile, 60x50cm. Collection priv\u00e9e<\/figcaption><\/figure><\/li><\/ul><\/figure>\n\n\n\n<p><\/p>\n","protected":false},"excerpt":{"rendered":"<p>L&rsquo;\u00e9ternelle Venise livre ses reflets urbains parcimonieusement et se refl\u00e8te avec pudeur dans ses vitrages exigus mais si on sait la saisir, il en ressort une sereine beaut\u00e9. D&rsquo;o\u00f9 peut-\u00eatre son nom de \u00ab\u00a0S\u00e9r\u00e9nissime\u00a0\u00bb.<\/p>\n","protected":false},"author":1,"featured_media":0,"parent":12,"menu_order":3,"comment_status":"closed","ping_status":"closed","template":"no-sidebar.php","meta":{"footnotes":""},"class_list":["post-117","page","type-page","status-publish","hentry"],"_links":{"self":[{"href":"https:\/\/johnallemann.ch\/wordpress\/wp-json\/wp\/v2\/pages\/117","targetHints":{"allow":["GET"]}}],"collection":[{"href":"https:\/\/johnallemann.ch\/wordpress\/wp-json\/wp\/v2\/pages"}],"about":[{"href":"https:\/\/johnallemann.ch\/wordpress\/wp-json\/wp\/v2\/types\/page"}],"author":[{"embeddable":true,"href":"https:\/\/johnallemann.ch\/wordpress\/wp-json\/wp\/v2\/users\/1"}],"replies":[{"embeddable":true,"href":"https:\/\/johnallemann.ch\/wordpress\/wp-json\/wp\/v2\/comments?post=117"}],"version-history":[{"count":6,"href":"https:\/\/johnallemann.ch\/wordpress\/wp-json\/wp\/v2\/pages\/117\/revisions"}],"predecessor-version":[{"id":837,"href":"https:\/\/johnallemann.ch\/wordpress\/wp-json\/wp\/v2\/pages\/117\/revisions\/837"}],"up":[{"embeddable":true,"href":"https:\/\/johnallemann.ch\/wordpress\/wp-json\/wp\/v2\/pages\/12"}],"wp:attachment":[{"href":"https:\/\/johnallemann.ch\/wordpress\/wp-json\/wp\/v2\/media?parent=117"}],"curies":[{"name":"wp","href":"https:\/\/api.w.org\/{rel}","templated":true}]}}

<p>L&rsquo;éternelle Venise livre ses reflets urbains parcimonieusement et se reflète avec pudeur dans ses vitrages exigus mais si on sait la saisir, il en ressort une sereine beauté. D&rsquo;où peut-être son nom de « Sérénissime ».</p>


<figure class="wp-block-gallery columns-3 is-cropped wp-block-gallery-1 is-layout-flex wp-block-gallery-is-layout-flex"><ul class="blocks-gallery-grid"><li class="blocks-gallery-item"><figure><a href="https://johnallemann.ch/wordpress/wp-content/uploads/2020/09/Venise03-scaled.jpg"><img loading="lazy" decoding="async" width="877" height="1024" src="https://johnallemann.ch/wordpress/wp-content/uploads/2020/09/Venise03-877x1024.jpg" alt="" data-id="547" data-full-url="https://johnallemann.ch/wordpress/wp-content/uploads/2020/09/Venise03-scaled.jpg" data-link="http://johnallemann.ch/venise03/" class="wp-image-547" srcset="https://johnallemann.ch/wordpress/wp-content/uploads/2020/09/Venise03-877x1024.jpg 877w, https://johnallemann.ch/wordpress/wp-content/uploads/2020/09/Venise03-257x300.jpg 257w, https://johnallemann.ch/wordpress/wp-content/uploads/2020/09/Venise03-768x897.jpg 768w, https://johnallemann.ch/wordpress/wp-content/uploads/2020/09/Venise03-1315x1536.jpg 1315w, https://johnallemann.ch/wordpress/wp-content/uploads/2020/09/Venise03-1753x2048.jpg 1753w, https://johnallemann.ch/wordpress/wp-content/uploads/2020/09/Venise03-583x681.jpg 583w" sizes="auto, (max-width: 877px) 100vw, 877px" /></a><figcaption class="blocks-gallery-item__caption">Venise, Rio San Leonardo, huile sur toile, 70x50cm. Collection privée</figcaption></figure></li><li class="blocks-gallery-item"><figure><a href="https://johnallemann.ch/wordpress/wp-content/uploads/2020/09/Venise-02-scaled.jpg"><img loading="lazy" decoding="async" width="856" height="1024" src="https://johnallemann.ch/wordpress/wp-content/uploads/2020/09/Venise-02-856x1024.jpg" alt="" data-id="546" data-full-url="https://johnallemann.ch/wordpress/wp-content/uploads/2020/09/Venise-02-scaled.jpg" data-link="http://johnallemann.ch/venise-02/" class="wp-image-546" srcset="https://johnallemann.ch/wordpress/wp-content/uploads/2020/09/Venise-02-856x1024.jpg 856w, https://johnallemann.ch/wordpress/wp-content/uploads/2020/09/Venise-02-251x300.jpg 251w, https://johnallemann.ch/wordpress/wp-content/uploads/2020/09/Venise-02-768x919.jpg 768w, https://johnallemann.ch/wordpress/wp-content/uploads/2020/09/Venise-02-1284x1536.jpg 1284w, https://johnallemann.ch/wordpress/wp-content/uploads/2020/09/Venise-02-1711x2048.jpg 1711w, https://johnallemann.ch/wordpress/wp-content/uploads/2020/09/Venise-02-583x698.jpg 583w" sizes="auto, (max-width: 856px) 100vw, 856px" /></a><figcaption class="blocks-gallery-item__caption">Venise, palais sur le Canal Grande, huile sur toile, 46x38cm. Collection privée</figcaption></figure></li><li class="blocks-gallery-item"><figure><a href="https://johnallemann.ch/wordpress/wp-content/uploads/2020/09/Venise-01.jpg"><img loading="lazy" decoding="async" width="887" height="1024" src="https://johnallemann.ch/wordpress/wp-content/uploads/2020/09/Venise-01-887x1024.jpg" alt="" data-id="545" data-full-url="https://johnallemann.ch/wordpress/wp-content/uploads/2020/09/Venise-01.jpg" data-link="http://johnallemann.ch/venise-01/" class="wp-image-545" srcset="https://johnallemann.ch/wordpress/wp-content/uploads/2020/09/Venise-01-887x1024.jpg 887w, https://johnallemann.ch/wordpress/wp-content/uploads/2020/09/Venise-01-260x300.jpg 260w, https://johnallemann.ch/wordpress/wp-content/uploads/2020/09/Venise-01-768x887.jpg 768w, https://johnallemann.ch/wordpress/wp-content/uploads/2020/09/Venise-01-1331x1536.jpg 1331w, https://johnallemann.ch/wordpress/wp-content/uploads/2020/09/Venise-01-1774x2048.jpg 1774w, https://johnallemann.ch/wordpress/wp-content/uploads/2020/09/Venise-01-583x673.jpg 583w" sizes="auto, (max-width: 887px) 100vw, 887px" /></a><figcaption class="blocks-gallery-item__caption">Venise, fenêtre fleurie, huile sur toile, 60x50cm. Collection privée</figcaption></figure></li></ul></figure>



<p></p>

<p>L&rsquo;éternelle Venise livre ses reflets urbains parcimonieusement et se reflète avec pudeur dans ses vitrages exigus mais si on sait la saisir, il en ressort une sereine beauté. D&rsquo;où peut-être son nom de « Sérénissime ».</p>
