{"id":108,"date":"2013-11-17T19:46:25","date_gmt":"2013-11-17T18:46:25","guid":{"rendered":"http:\/\/johnallemann.ch\/wordpress\/?page_id=108"},"modified":"2020-11-20T17:55:34","modified_gmt":"2020-11-20T16:55:34","slug":"montreux","status":"publish","type":"page","link":"https:\/\/johnallemann.ch\/wordpress\/galleries\/reflets-urbains\/montreux\/","title":{"rendered":"Montreux"},"content":{"rendered":"<p>C\u2019est la perspective du \u201cMontreux Art Gallery (MAG) en novembre 2009 qui a pouss\u00e9 Allemann \u00e0 peindre les reflets de Montreux. Il est vrai que ce haut lieu du tourisme, de la musique classique ou du jazz, avec ses b\u00e2timents 1900 a un cachet particulier qui a inspir\u00e9 l\u2019artiste. 2 des 3 toiles sur Montreux sont des reflets sur les verri\u00e8res du Stravinsky Hall alors que la 3\u00e8me a comme th\u00e8me la superbe b\u00e2tisse \u00e0 l\u2019architecture contemporaine de la fameuse Clinique La Prairie.<\/p>\n\n\n<figure class=\"wp-block-gallery columns-3 is-cropped wp-block-gallery-1 is-layout-flex wp-block-gallery-is-layout-flex\"><ul class=\"blocks-gallery-grid\"><li class=\"blocks-gallery-item\"><figure><a href=\"https:\/\/johnallemann.ch\/wordpress\/wp-content\/uploads\/2020\/09\/Montreux-03.jpg\"><img loading=\"lazy\" decoding=\"async\" width=\"1016\" height=\"1024\" src=\"https:\/\/johnallemann.ch\/wordpress\/wp-content\/uploads\/2020\/09\/Montreux-03-1016x1024.jpg\" alt=\"\" data-id=\"524\" data-full-url=\"https:\/\/johnallemann.ch\/wordpress\/wp-content\/uploads\/2020\/09\/Montreux-03.jpg\" data-link=\"http:\/\/johnallemann.ch\/montreux-03\/\" class=\"wp-image-524\" srcset=\"https:\/\/johnallemann.ch\/wordpress\/wp-content\/uploads\/2020\/09\/Montreux-03-1016x1024.jpg 1016w, https:\/\/johnallemann.ch\/wordpress\/wp-content\/uploads\/2020\/09\/Montreux-03-298x300.jpg 298w, https:\/\/johnallemann.ch\/wordpress\/wp-content\/uploads\/2020\/09\/Montreux-03-150x150.jpg 150w, https:\/\/johnallemann.ch\/wordpress\/wp-content\/uploads\/2020\/09\/Montreux-03-768x774.jpg 768w, https:\/\/johnallemann.ch\/wordpress\/wp-content\/uploads\/2020\/09\/Montreux-03-1524x1536.jpg 1524w, https:\/\/johnallemann.ch\/wordpress\/wp-content\/uploads\/2020\/09\/Montreux-03-2033x2048.jpg 2033w, https:\/\/johnallemann.ch\/wordpress\/wp-content\/uploads\/2020\/09\/Montreux-03-583x587.jpg 583w\" sizes=\"auto, (max-width: 1016px) 100vw, 1016px\" \/><\/a><figcaption class=\"blocks-gallery-item__caption\">Montreux, Clinique la Prairie, huile sur toile, 120x120cm CHF 5800.-<\/figcaption><\/figure><\/li><li class=\"blocks-gallery-item\"><figure><a href=\"https:\/\/johnallemann.ch\/wordpress\/wp-content\/uploads\/2020\/09\/Montreux-02-scaled.jpg\"><img loading=\"lazy\" decoding=\"async\" width=\"847\" height=\"1024\" src=\"https:\/\/johnallemann.ch\/wordpress\/wp-content\/uploads\/2020\/09\/Montreux-02-847x1024.jpg\" alt=\"\" data-id=\"523\" data-full-url=\"https:\/\/johnallemann.ch\/wordpress\/wp-content\/uploads\/2020\/09\/Montreux-02-scaled.jpg\" data-link=\"http:\/\/johnallemann.ch\/montreux-02\/\" class=\"wp-image-523\" srcset=\"https:\/\/johnallemann.ch\/wordpress\/wp-content\/uploads\/2020\/09\/Montreux-02-847x1024.jpg 847w, https:\/\/johnallemann.ch\/wordpress\/wp-content\/uploads\/2020\/09\/Montreux-02-248x300.jpg 248w, https:\/\/johnallemann.ch\/wordpress\/wp-content\/uploads\/2020\/09\/Montreux-02-768x928.jpg 768w, https:\/\/johnallemann.ch\/wordpress\/wp-content\/uploads\/2020\/09\/Montreux-02-1271x1536.jpg 1271w, https:\/\/johnallemann.ch\/wordpress\/wp-content\/uploads\/2020\/09\/Montreux-02-1695x2048.jpg 1695w, https:\/\/johnallemann.ch\/wordpress\/wp-content\/uploads\/2020\/09\/Montreux-02-583x705.jpg 583w\" sizes=\"auto, (max-width: 847px) 100vw, 847px\" \/><\/a><figcaption class=\"blocks-gallery-item__caption\">Montreux, R\u00e9sidence Belmont, huile sur toile, 90x110cm CHF 4900.-<\/figcaption><\/figure><\/li><li class=\"blocks-gallery-item\"><figure><a href=\"https:\/\/johnallemann.ch\/wordpress\/wp-content\/uploads\/2020\/09\/Montreux-05.jpg\"><img loading=\"lazy\" decoding=\"async\" width=\"1024\" height=\"701\" src=\"https:\/\/johnallemann.ch\/wordpress\/wp-content\/uploads\/2020\/09\/Montreux-05-1024x701.jpg\" alt=\"\" data-id=\"526\" data-full-url=\"https:\/\/johnallemann.ch\/wordpress\/wp-content\/uploads\/2020\/09\/Montreux-05.jpg\" data-link=\"http:\/\/johnallemann.ch\/montreux-05\/\" class=\"wp-image-526\" srcset=\"https:\/\/johnallemann.ch\/wordpress\/wp-content\/uploads\/2020\/09\/Montreux-05-1024x701.jpg 1024w, https:\/\/johnallemann.ch\/wordpress\/wp-content\/uploads\/2020\/09\/Montreux-05-300x205.jpg 300w, https:\/\/johnallemann.ch\/wordpress\/wp-content\/uploads\/2020\/09\/Montreux-05-768x525.jpg 768w, https:\/\/johnallemann.ch\/wordpress\/wp-content\/uploads\/2020\/09\/Montreux-05-583x399.jpg 583w, https:\/\/johnallemann.ch\/wordpress\/wp-content\/uploads\/2020\/09\/Montreux-05.jpg 1352w\" sizes=\"auto, (max-width: 1024px) 100vw, 1024px\" \/><\/a><figcaption class=\"blocks-gallery-item__caption\">Montreux, Clinique la Prairie, huile sur toile, 40x60cm CHF 2000.-<\/figcaption><\/figure><\/li><li class=\"blocks-gallery-item\"><figure><a href=\"https:\/\/johnallemann.ch\/wordpress\/wp-content\/uploads\/2020\/09\/Montreux-06-scaled.jpg\"><img loading=\"lazy\" decoding=\"async\" width=\"1024\" height=\"808\" src=\"https:\/\/johnallemann.ch\/wordpress\/wp-content\/uploads\/2020\/09\/Montreux-06-1024x808.jpg\" alt=\"\" data-id=\"527\" data-full-url=\"https:\/\/johnallemann.ch\/wordpress\/wp-content\/uploads\/2020\/09\/Montreux-06-scaled.jpg\" data-link=\"http:\/\/johnallemann.ch\/montreux-06\/\" class=\"wp-image-527\" srcset=\"https:\/\/johnallemann.ch\/wordpress\/wp-content\/uploads\/2020\/09\/Montreux-06-1024x808.jpg 1024w, https:\/\/johnallemann.ch\/wordpress\/wp-content\/uploads\/2020\/09\/Montreux-06-300x237.jpg 300w, https:\/\/johnallemann.ch\/wordpress\/wp-content\/uploads\/2020\/09\/Montreux-06-768x606.jpg 768w, https:\/\/johnallemann.ch\/wordpress\/wp-content\/uploads\/2020\/09\/Montreux-06-1536x1211.jpg 1536w, https:\/\/johnallemann.ch\/wordpress\/wp-content\/uploads\/2020\/09\/Montreux-06-2048x1615.jpg 2048w, https:\/\/johnallemann.ch\/wordpress\/wp-content\/uploads\/2020\/09\/Montreux-06-583x460.jpg 583w\" sizes=\"auto, (max-width: 1024px) 100vw, 1024px\" \/><\/a><figcaption class=\"blocks-gallery-item__caption\">Montreux, Reflets du hall Stravinski, huile sur toile, 120x150cm CHF 6800.-<\/figcaption><\/figure><\/li><li class=\"blocks-gallery-item\"><figure><a href=\"https:\/\/johnallemann.ch\/wordpress\/wp-content\/uploads\/2020\/09\/Montreux-01-scaled.jpg\"><img loading=\"lazy\" decoding=\"async\" width=\"845\" height=\"1024\" src=\"https:\/\/johnallemann.ch\/wordpress\/wp-content\/uploads\/2020\/09\/Montreux-01-845x1024.jpg\" alt=\"\" data-id=\"522\" data-full-url=\"https:\/\/johnallemann.ch\/wordpress\/wp-content\/uploads\/2020\/09\/Montreux-01-scaled.jpg\" data-link=\"http:\/\/johnallemann.ch\/montreux-01\/\" class=\"wp-image-522\" srcset=\"https:\/\/johnallemann.ch\/wordpress\/wp-content\/uploads\/2020\/09\/Montreux-01-845x1024.jpg 845w, https:\/\/johnallemann.ch\/wordpress\/wp-content\/uploads\/2020\/09\/Montreux-01-248x300.jpg 248w, https:\/\/johnallemann.ch\/wordpress\/wp-content\/uploads\/2020\/09\/Montreux-01-768x930.jpg 768w, https:\/\/johnallemann.ch\/wordpress\/wp-content\/uploads\/2020\/09\/Montreux-01-1268x1536.jpg 1268w, https:\/\/johnallemann.ch\/wordpress\/wp-content\/uploads\/2020\/09\/Montreux-01-1691x2048.jpg 1691w, https:\/\/johnallemann.ch\/wordpress\/wp-content\/uploads\/2020\/09\/Montreux-01-583x706.jpg 583w\" sizes=\"auto, (max-width: 845px) 100vw, 845px\" \/><\/a><figcaption class=\"blocks-gallery-item__caption\">Montreux, Reflets du hall Stravinski, huile sur toile, 110x90cm. Collection Commune de Montreux<\/figcaption><\/figure><\/li><li class=\"blocks-gallery-item\"><figure><a href=\"https:\/\/johnallemann.ch\/wordpress\/wp-content\/uploads\/2020\/09\/P1010953.jpg\"><img loading=\"lazy\" decoding=\"async\" width=\"1017\" height=\"1024\" src=\"https:\/\/johnallemann.ch\/wordpress\/wp-content\/uploads\/2020\/09\/P1010953-1017x1024.jpg\" alt=\"\" data-id=\"529\" data-full-url=\"https:\/\/johnallemann.ch\/wordpress\/wp-content\/uploads\/2020\/09\/P1010953.jpg\" data-link=\"http:\/\/johnallemann.ch\/p1010953\/\" class=\"wp-image-529\" srcset=\"https:\/\/johnallemann.ch\/wordpress\/wp-content\/uploads\/2020\/09\/P1010953-1017x1024.jpg 1017w, https:\/\/johnallemann.ch\/wordpress\/wp-content\/uploads\/2020\/09\/P1010953-298x300.jpg 298w, https:\/\/johnallemann.ch\/wordpress\/wp-content\/uploads\/2020\/09\/P1010953-150x150.jpg 150w, https:\/\/johnallemann.ch\/wordpress\/wp-content\/uploads\/2020\/09\/P1010953-768x773.jpg 768w, https:\/\/johnallemann.ch\/wordpress\/wp-content\/uploads\/2020\/09\/P1010953-1526x1536.jpg 1526w, https:\/\/johnallemann.ch\/wordpress\/wp-content\/uploads\/2020\/09\/P1010953-583x587.jpg 583w, https:\/\/johnallemann.ch\/wordpress\/wp-content\/uploads\/2020\/09\/P1010953.jpg 1760w\" sizes=\"auto, (max-width: 1017px) 100vw, 1017px\" \/><\/a><figcaption class=\"blocks-gallery-item__caption\">Montreux, Clinique la Prairie, huile sur toile, 50x50cm CHF 2000.-<\/figcaption><\/figure><\/li><li class=\"blocks-gallery-item\"><figure><a href=\"https:\/\/johnallemann.ch\/wordpress\/wp-content\/uploads\/2020\/09\/IMG_0868-scaled.jpg\"><img loading=\"lazy\" decoding=\"async\" width=\"762\" height=\"1024\" src=\"https:\/\/johnallemann.ch\/wordpress\/wp-content\/uploads\/2020\/09\/IMG_0868-762x1024.jpg\" alt=\"\" data-id=\"530\" data-full-url=\"https:\/\/johnallemann.ch\/wordpress\/wp-content\/uploads\/2020\/09\/IMG_0868-scaled.jpg\" data-link=\"http:\/\/johnallemann.ch\/img_0868\/\" class=\"wp-image-530\" srcset=\"https:\/\/johnallemann.ch\/wordpress\/wp-content\/uploads\/2020\/09\/IMG_0868-762x1024.jpg 762w, https:\/\/johnallemann.ch\/wordpress\/wp-content\/uploads\/2020\/09\/IMG_0868-223x300.jpg 223w, https:\/\/johnallemann.ch\/wordpress\/wp-content\/uploads\/2020\/09\/IMG_0868-768x1032.jpg 768w, https:\/\/johnallemann.ch\/wordpress\/wp-content\/uploads\/2020\/09\/IMG_0868-1143x1536.jpg 1143w, https:\/\/johnallemann.ch\/wordpress\/wp-content\/uploads\/2020\/09\/IMG_0868-1524x2048.jpg 1524w, https:\/\/johnallemann.ch\/wordpress\/wp-content\/uploads\/2020\/09\/IMG_0868-583x783.jpg 583w, https:\/\/johnallemann.ch\/wordpress\/wp-content\/uploads\/2020\/09\/IMG_0868-scaled.jpg 1905w\" sizes=\"auto, (max-width: 762px) 100vw, 762px\" \/><\/a><figcaption class=\"blocks-gallery-item__caption\">Montreux, Casino Barri\u00e8re, huile &amp; acryl sur toile, 70x50cm CHF 2700.-<\/figcaption><\/figure><\/li><\/ul><\/figure>\n","protected":false},"excerpt":{"rendered":"<p>C\u2019est la perspective du \u201cMontreux Art Gallery (MAG) en novembre 2009 qui a pouss\u00e9 Allemann \u00e0 peindre les reflets de Montreux. Il est vrai que ce haut lieu du tourisme, de la musique classique ou du jazz, avec ses b\u00e2timents 1900 a un cachet particulier qui a inspir\u00e9 l\u2019artiste. 2 des 3 toiles sur Montreux sont des reflets sur les verri\u00e8res du Stravinsky Hall alors que la 3\u00e8me a comme th\u00e8me la superbe b\u00e2tisse \u00e0 l\u2019architecture contemporaine de la fameuse Clinique La Prairie.<\/p>\n","protected":false},"author":1,"featured_media":0,"parent":12,"menu_order":5,"comment_status":"closed","ping_status":"closed","template":"no-sidebar.php","meta":{"footnotes":""},"class_list":["post-108","page","type-page","status-publish","hentry"],"_links":{"self":[{"href":"https:\/\/johnallemann.ch\/wordpress\/wp-json\/wp\/v2\/pages\/108","targetHints":{"allow":["GET"]}}],"collection":[{"href":"https:\/\/johnallemann.ch\/wordpress\/wp-json\/wp\/v2\/pages"}],"about":[{"href":"https:\/\/johnallemann.ch\/wordpress\/wp-json\/wp\/v2\/types\/page"}],"author":[{"embeddable":true,"href":"https:\/\/johnallemann.ch\/wordpress\/wp-json\/wp\/v2\/users\/1"}],"replies":[{"embeddable":true,"href":"https:\/\/johnallemann.ch\/wordpress\/wp-json\/wp\/v2\/comments?post=108"}],"version-history":[{"count":6,"href":"https:\/\/johnallemann.ch\/wordpress\/wp-json\/wp\/v2\/pages\/108\/revisions"}],"predecessor-version":[{"id":841,"href":"https:\/\/johnallemann.ch\/wordpress\/wp-json\/wp\/v2\/pages\/108\/revisions\/841"}],"up":[{"embeddable":true,"href":"https:\/\/johnallemann.ch\/wordpress\/wp-json\/wp\/v2\/pages\/12"}],"wp:attachment":[{"href":"https:\/\/johnallemann.ch\/wordpress\/wp-json\/wp\/v2\/media?parent=108"}],"curies":[{"name":"wp","href":"https:\/\/api.w.org\/{rel}","templated":true}]}}

<p>C’est la perspective du “Montreux Art Gallery (MAG) en novembre 2009 qui a poussé Allemann à peindre les reflets de Montreux. Il est vrai que ce haut lieu du tourisme, de la musique classique ou du jazz, avec ses bâtiments 1900 a un cachet particulier qui a inspiré l’artiste. 2 des 3 toiles sur Montreux sont des reflets sur les verrières du Stravinsky Hall alors que la 3ème a comme thème la superbe bâtisse à l’architecture contemporaine de la fameuse Clinique La Prairie.</p>


<figure class="wp-block-gallery columns-3 is-cropped wp-block-gallery-1 is-layout-flex wp-block-gallery-is-layout-flex"><ul class="blocks-gallery-grid"><li class="blocks-gallery-item"><figure><a href="https://johnallemann.ch/wordpress/wp-content/uploads/2020/09/Montreux-03.jpg"><img loading="lazy" decoding="async" width="1016" height="1024" src="https://johnallemann.ch/wordpress/wp-content/uploads/2020/09/Montreux-03-1016x1024.jpg" alt="" data-id="524" data-full-url="https://johnallemann.ch/wordpress/wp-content/uploads/2020/09/Montreux-03.jpg" data-link="http://johnallemann.ch/montreux-03/" class="wp-image-524" srcset="https://johnallemann.ch/wordpress/wp-content/uploads/2020/09/Montreux-03-1016x1024.jpg 1016w, https://johnallemann.ch/wordpress/wp-content/uploads/2020/09/Montreux-03-298x300.jpg 298w, https://johnallemann.ch/wordpress/wp-content/uploads/2020/09/Montreux-03-150x150.jpg 150w, https://johnallemann.ch/wordpress/wp-content/uploads/2020/09/Montreux-03-768x774.jpg 768w, https://johnallemann.ch/wordpress/wp-content/uploads/2020/09/Montreux-03-1524x1536.jpg 1524w, https://johnallemann.ch/wordpress/wp-content/uploads/2020/09/Montreux-03-2033x2048.jpg 2033w, https://johnallemann.ch/wordpress/wp-content/uploads/2020/09/Montreux-03-583x587.jpg 583w" sizes="auto, (max-width: 1016px) 100vw, 1016px" /></a><figcaption class="blocks-gallery-item__caption">Montreux, Clinique la Prairie, huile sur toile, 120x120cm CHF 5800.-</figcaption></figure></li><li class="blocks-gallery-item"><figure><a href="https://johnallemann.ch/wordpress/wp-content/uploads/2020/09/Montreux-02-scaled.jpg"><img loading="lazy" decoding="async" width="847" height="1024" src="https://johnallemann.ch/wordpress/wp-content/uploads/2020/09/Montreux-02-847x1024.jpg" alt="" data-id="523" data-full-url="https://johnallemann.ch/wordpress/wp-content/uploads/2020/09/Montreux-02-scaled.jpg" data-link="http://johnallemann.ch/montreux-02/" class="wp-image-523" srcset="https://johnallemann.ch/wordpress/wp-content/uploads/2020/09/Montreux-02-847x1024.jpg 847w, https://johnallemann.ch/wordpress/wp-content/uploads/2020/09/Montreux-02-248x300.jpg 248w, https://johnallemann.ch/wordpress/wp-content/uploads/2020/09/Montreux-02-768x928.jpg 768w, https://johnallemann.ch/wordpress/wp-content/uploads/2020/09/Montreux-02-1271x1536.jpg 1271w, https://johnallemann.ch/wordpress/wp-content/uploads/2020/09/Montreux-02-1695x2048.jpg 1695w, https://johnallemann.ch/wordpress/wp-content/uploads/2020/09/Montreux-02-583x705.jpg 583w" sizes="auto, (max-width: 847px) 100vw, 847px" /></a><figcaption class="blocks-gallery-item__caption">Montreux, Résidence Belmont, huile sur toile, 90x110cm CHF 4900.-</figcaption></figure></li><li class="blocks-gallery-item"><figure><a href="https://johnallemann.ch/wordpress/wp-content/uploads/2020/09/Montreux-05.jpg"><img loading="lazy" decoding="async" width="1024" height="701" src="https://johnallemann.ch/wordpress/wp-content/uploads/2020/09/Montreux-05-1024x701.jpg" alt="" data-id="526" data-full-url="https://johnallemann.ch/wordpress/wp-content/uploads/2020/09/Montreux-05.jpg" data-link="http://johnallemann.ch/montreux-05/" class="wp-image-526" srcset="https://johnallemann.ch/wordpress/wp-content/uploads/2020/09/Montreux-05-1024x701.jpg 1024w, https://johnallemann.ch/wordpress/wp-content/uploads/2020/09/Montreux-05-300x205.jpg 300w, https://johnallemann.ch/wordpress/wp-content/uploads/2020/09/Montreux-05-768x525.jpg 768w, https://johnallemann.ch/wordpress/wp-content/uploads/2020/09/Montreux-05-583x399.jpg 583w, https://johnallemann.ch/wordpress/wp-content/uploads/2020/09/Montreux-05.jpg 1352w" sizes="auto, (max-width: 1024px) 100vw, 1024px" /></a><figcaption class="blocks-gallery-item__caption">Montreux, Clinique la Prairie, huile sur toile, 40x60cm CHF 2000.-</figcaption></figure></li><li class="blocks-gallery-item"><figure><a href="https://johnallemann.ch/wordpress/wp-content/uploads/2020/09/Montreux-06-scaled.jpg"><img loading="lazy" decoding="async" width="1024" height="808" src="https://johnallemann.ch/wordpress/wp-content/uploads/2020/09/Montreux-06-1024x808.jpg" alt="" data-id="527" data-full-url="https://johnallemann.ch/wordpress/wp-content/uploads/2020/09/Montreux-06-scaled.jpg" data-link="http://johnallemann.ch/montreux-06/" class="wp-image-527" srcset="https://johnallemann.ch/wordpress/wp-content/uploads/2020/09/Montreux-06-1024x808.jpg 1024w, https://johnallemann.ch/wordpress/wp-content/uploads/2020/09/Montreux-06-300x237.jpg 300w, https://johnallemann.ch/wordpress/wp-content/uploads/2020/09/Montreux-06-768x606.jpg 768w, https://johnallemann.ch/wordpress/wp-content/uploads/2020/09/Montreux-06-1536x1211.jpg 1536w, https://johnallemann.ch/wordpress/wp-content/uploads/2020/09/Montreux-06-2048x1615.jpg 2048w, https://johnallemann.ch/wordpress/wp-content/uploads/2020/09/Montreux-06-583x460.jpg 583w" sizes="auto, (max-width: 1024px) 100vw, 1024px" /></a><figcaption class="blocks-gallery-item__caption">Montreux, Reflets du hall Stravinski, huile sur toile, 120x150cm CHF 6800.-</figcaption></figure></li><li class="blocks-gallery-item"><figure><a href="https://johnallemann.ch/wordpress/wp-content/uploads/2020/09/Montreux-01-scaled.jpg"><img loading="lazy" decoding="async" width="845" height="1024" src="https://johnallemann.ch/wordpress/wp-content/uploads/2020/09/Montreux-01-845x1024.jpg" alt="" data-id="522" data-full-url="https://johnallemann.ch/wordpress/wp-content/uploads/2020/09/Montreux-01-scaled.jpg" data-link="http://johnallemann.ch/montreux-01/" class="wp-image-522" srcset="https://johnallemann.ch/wordpress/wp-content/uploads/2020/09/Montreux-01-845x1024.jpg 845w, https://johnallemann.ch/wordpress/wp-content/uploads/2020/09/Montreux-01-248x300.jpg 248w, https://johnallemann.ch/wordpress/wp-content/uploads/2020/09/Montreux-01-768x930.jpg 768w, https://johnallemann.ch/wordpress/wp-content/uploads/2020/09/Montreux-01-1268x1536.jpg 1268w, https://johnallemann.ch/wordpress/wp-content/uploads/2020/09/Montreux-01-1691x2048.jpg 1691w, https://johnallemann.ch/wordpress/wp-content/uploads/2020/09/Montreux-01-583x706.jpg 583w" sizes="auto, (max-width: 845px) 100vw, 845px" /></a><figcaption class="blocks-gallery-item__caption">Montreux, Reflets du hall Stravinski, huile sur toile, 110x90cm. Collection Commune de Montreux</figcaption></figure></li><li class="blocks-gallery-item"><figure><a href="https://johnallemann.ch/wordpress/wp-content/uploads/2020/09/P1010953.jpg"><img loading="lazy" decoding="async" width="1017" height="1024" src="https://johnallemann.ch/wordpress/wp-content/uploads/2020/09/P1010953-1017x1024.jpg" alt="" data-id="529" data-full-url="https://johnallemann.ch/wordpress/wp-content/uploads/2020/09/P1010953.jpg" data-link="http://johnallemann.ch/p1010953/" class="wp-image-529" srcset="https://johnallemann.ch/wordpress/wp-content/uploads/2020/09/P1010953-1017x1024.jpg 1017w, https://johnallemann.ch/wordpress/wp-content/uploads/2020/09/P1010953-298x300.jpg 298w, https://johnallemann.ch/wordpress/wp-content/uploads/2020/09/P1010953-150x150.jpg 150w, https://johnallemann.ch/wordpress/wp-content/uploads/2020/09/P1010953-768x773.jpg 768w, https://johnallemann.ch/wordpress/wp-content/uploads/2020/09/P1010953-1526x1536.jpg 1526w, https://johnallemann.ch/wordpress/wp-content/uploads/2020/09/P1010953-583x587.jpg 583w, https://johnallemann.ch/wordpress/wp-content/uploads/2020/09/P1010953.jpg 1760w" sizes="auto, (max-width: 1017px) 100vw, 1017px" /></a><figcaption class="blocks-gallery-item__caption">Montreux, Clinique la Prairie, huile sur toile, 50x50cm CHF 2000.-</figcaption></figure></li><li class="blocks-gallery-item"><figure><a href="https://johnallemann.ch/wordpress/wp-content/uploads/2020/09/IMG_0868-scaled.jpg"><img loading="lazy" decoding="async" width="762" height="1024" src="https://johnallemann.ch/wordpress/wp-content/uploads/2020/09/IMG_0868-762x1024.jpg" alt="" data-id="530" data-full-url="https://johnallemann.ch/wordpress/wp-content/uploads/2020/09/IMG_0868-scaled.jpg" data-link="http://johnallemann.ch/img_0868/" class="wp-image-530" srcset="https://johnallemann.ch/wordpress/wp-content/uploads/2020/09/IMG_0868-762x1024.jpg 762w, https://johnallemann.ch/wordpress/wp-content/uploads/2020/09/IMG_0868-223x300.jpg 223w, https://johnallemann.ch/wordpress/wp-content/uploads/2020/09/IMG_0868-768x1032.jpg 768w, https://johnallemann.ch/wordpress/wp-content/uploads/2020/09/IMG_0868-1143x1536.jpg 1143w, https://johnallemann.ch/wordpress/wp-content/uploads/2020/09/IMG_0868-1524x2048.jpg 1524w, https://johnallemann.ch/wordpress/wp-content/uploads/2020/09/IMG_0868-583x783.jpg 583w, https://johnallemann.ch/wordpress/wp-content/uploads/2020/09/IMG_0868-scaled.jpg 1905w" sizes="auto, (max-width: 762px) 100vw, 762px" /></a><figcaption class="blocks-gallery-item__caption">Montreux, Casino Barrière, huile &amp; acryl sur toile, 70x50cm CHF 2700.-</figcaption></figure></li></ul></figure>

<p>C’est la perspective du “Montreux Art Gallery (MAG) en novembre 2009 qui a poussé Allemann à peindre les reflets de Montreux. Il est vrai que ce haut lieu du tourisme, de la musique classique ou du jazz, avec ses bâtiments 1900 a un cachet particulier qui a inspiré l’artiste. 2 des 3 toiles sur Montreux sont des reflets sur les verrières du Stravinsky Hall alors que la 3ème a comme thème la superbe bâtisse à l’architecture contemporaine de la fameuse Clinique La Prairie.</p>
